{"id":17,"date":"2016-06-07T16:36:26","date_gmt":"2016-06-07T14:36:26","guid":{"rendered":"http:\/\/www.stabil-anhalt-bitterfeld.de\/?page_id=17"},"modified":"2019-11-12T12:53:52","modified_gmt":"2019-11-12T11:53:52","slug":"projekt","status":"publish","type":"page","link":"http:\/\/www.stabil-anhalt-bitterfeld.de\/index.php\/projekt\/","title":{"rendered":"Das Projekt STABIL"},"content":{"rendered":"<p style=\"text-align: left;\">STABIL ist ein ESF-gef\u00f6rdertes Projekt, welches Jugendliche ohne Ausbildung oder mit besonderem sozialp\u00e4dagogischen Hilfebedarf in Ausbildung und Besch\u00e4ftigung integriert. Das Projekt gibt dabei Hilfestellung zur Vermeidung der gesellschaftlichen Ausgrenzung junger Menschen und unterst\u00fctzt die berufliche und soziale Wiedereingliederung der Jugendlichen.<\/p>\n<p style=\"text-align: left;\">Gef\u00f6rdert werden in diesem Projekt Jugendliche, die unter 25 (im Ausnahmefall bis 30) Jahre alt sind, \u00fcber keinen Schulabschluss oder Ausbildungsplatz verf\u00fcgen, ihre Ausbildung abgebrochen haben oder individuelle sozialp\u00e4dagogische Hilfe ben\u00f6tigen.<\/p>\n<p style=\"text-align: left;\">Unter fachlicher Anleitung k\u00f6nnen Teilnehmer die realit\u00e4tsnahe Simulation eines Betriebes mit produktionsorientierter Ausrichtung erleben. Die Planung und Anfertigung eigener Produkte ist nicht nur sinn- und identit\u00e4tsstiftend, sie verhilft zu Anerkennung, Wertsch\u00e4tzung im gemeinsamen Miteinander.<\/p>\n<p style=\"text-align: left;\">Zudem haben die Jugendlichen die M\u00f6glichkeit, entsprechend ihrer Interessen und Eignung sich in verschiedenen Berufsbereichen auszuprobieren.<\/p>\n<p>An den Standorten Bitterfeld und K\u00f6then k\u00f6nnen Erfahrungen im Garten- und Landschaftsbau in der Holz- und Farbgestaltung im Hotel- und Gastst\u00e4ttenwesen der Hauswirtschaft, der Wirtschaft und Verwaltung und in den Metallberufen gesammelt werden.<\/p>\n<p style=\"text-align: left;\">Zur Abrundung werden neben sozialp\u00e4dagogischen Angeboten, allgemeinbildender Aktivunterricht und die M\u00f6glichkeit zur betrieblichen Erprobung \u00fcber Praktika in Vorbereitung auf eine Berufsausbildung angeboten.<\/p>\n<p style=\"text-align: left;\">Die Durchf\u00fchrung des Hauptschulunterrichts in Vorbereitung auf die Nichtsch\u00fclerpr\u00fcfung ist f\u00fcr die Teilnehmer ohne Schulabschluss ein zus\u00e4tzliches Angebot zum Erreichen der Ausbildungsreife.<\/p>\n<p style=\"text-align: justify;\">\n","protected":false},"excerpt":{"rendered":"<p>STABIL ist ein ESF-gef\u00f6rdertes Projekt, welches Jugendliche ohne Ausbildung oder mit besonderem sozialp\u00e4dagogischen Hilfebedarf in Ausbildung und Besch\u00e4ftigung integriert. Das Projekt gibt dabei Hilfestellung zur Vermeidung der gesellschaftlichen Ausgrenzung junger &#8230;<\/p>\n","protected":false},"author":5,"featured_media":1177,"parent":0,"menu_order":0,"comment_status":"closed","ping_status":"closed","template":"","meta":{"footnotes":""},"class_list":["post-17","page","type-page","status-publish","has-post-thumbnail","hentry"],"_links":{"self":[{"href":"http:\/\/www.stabil-anhalt-bitterfeld.de\/index.php\/wp-json\/wp\/v2\/pages\/17","targetHints":{"allow":["GET"]}}],"collection":[{"href":"http:\/\/www.stabil-anhalt-bitterfeld.de\/index.php\/wp-json\/wp\/v2\/pages"}],"about":[{"href":"http:\/\/www.stabil-anhalt-bitterfeld.de\/index.php\/wp-json\/wp\/v2\/types\/page"}],"author":[{"embeddable":true,"href":"http:\/\/www.stabil-anhalt-bitterfeld.de\/index.php\/wp-json\/wp\/v2\/users\/5"}],"replies":[{"embeddable":true,"href":"http:\/\/www.stabil-anhalt-bitterfeld.de\/index.php\/wp-json\/wp\/v2\/comments?post=17"}],"version-history":[{"count":15,"href":"http:\/\/www.stabil-anhalt-bitterfeld.de\/index.php\/wp-json\/wp\/v2\/pages\/17\/revisions"}],"predecessor-version":[{"id":1546,"href":"http:\/\/www.stabil-anhalt-bitterfeld.de\/index.php\/wp-json\/wp\/v2\/pages\/17\/revisions\/1546"}],"wp:featuredmedia":[{"embeddable":true,"href":"http:\/\/www.stabil-anhalt-bitterfeld.de\/index.php\/wp-json\/wp\/v2\/media\/1177"}],"wp:attachment":[{"href":"http:\/\/www.stabil-anhalt-bitterfeld.de\/index.php\/wp-json\/wp\/v2\/media?parent=17"}],"curies":[{"name":"wp","href":"https:\/\/api.w.org\/{rel}","templated":true}]}}

<p style="text-align: left;">STABIL ist ein ESF-gefördertes Projekt, welches Jugendliche ohne Ausbildung oder mit besonderem sozialpädagogischen Hilfebedarf in Ausbildung und Beschäftigung integriert. Das Projekt gibt dabei Hilfestellung zur Vermeidung der gesellschaftlichen Ausgrenzung junger Menschen und unterstützt die berufliche und soziale Wiedereingliederung der Jugendlichen.</p>
<p style="text-align: left;">Gefördert werden in diesem Projekt Jugendliche, die unter 25 (im Ausnahmefall bis 30) Jahre alt sind, über keinen Schulabschluss oder Ausbildungsplatz verfügen, ihre Ausbildung abgebrochen haben oder individuelle sozialpädagogische Hilfe benötigen.</p>
<p style="text-align: left;">Unter fachlicher Anleitung können Teilnehmer die realitätsnahe Simulation eines Betriebes mit produktionsorientierter Ausrichtung erleben. Die Planung und Anfertigung eigener Produkte ist nicht nur sinn- und identitätsstiftend, sie verhilft zu Anerkennung, Wertschätzung im gemeinsamen Miteinander.</p>
<p style="text-align: left;">Zudem haben die Jugendlichen die Möglichkeit, entsprechend ihrer Interessen und Eignung sich in verschiedenen Berufsbereichen auszuprobieren.</p>
<p>An den Standorten Bitterfeld und Köthen können Erfahrungen im Garten- und Landschaftsbau in der Holz- und Farbgestaltung im Hotel- und Gaststättenwesen der Hauswirtschaft, der Wirtschaft und Verwaltung und in den Metallberufen gesammelt werden.</p>
<p style="text-align: left;">Zur Abrundung werden neben sozialpädagogischen Angeboten, allgemeinbildender Aktivunterricht und die Möglichkeit zur betrieblichen Erprobung über Praktika in Vorbereitung auf eine Berufsausbildung angeboten.</p>
<p style="text-align: left;">Die Durchführung des Hauptschulunterrichts in Vorbereitung auf die Nichtschülerprüfung ist für die Teilnehmer ohne Schulabschluss ein zusätzliches Angebot zum Erreichen der Ausbildungsreife.</p>
<p style="text-align: justify;">

<p>STABIL ist ein ESF-gefördertes Projekt, welches Jugendliche ohne Ausbildung oder mit besonderem sozialpädagogischen Hilfebedarf in Ausbildung und Beschäftigung integriert. Das Projekt gibt dabei Hilfestellung zur Vermeidung der gesellschaftlichen Ausgrenzung junger &#8230;</p>
